derivative of n**5/4 - n**4/2 - n**3/2 + 3*n**2 + 64*n. Let j(u) = 7*u**3 - 6*u**2 - 2*u + 7. Let s(a) = -2*j(a) + 3*t(a). Give s(7).
18
Let z(w) = -2*w + 32. Let j(t) = t**2 - 27*t - 4. Let a(h) = 4*h**2 - 83*h - 11. Let b(c) = -2*a(c) + 7*j(c). Let k be b(-22). What is z(k)?
0
Let w(g) = -1212*g - 3645. Let d be w(-3). Let t(o) = 6*o**2 + 56*o + 15. What is t(d)?
-3
Suppose 185 = 5*t - 4*t. Let i = t - 192. Let u(p) = -p**2 - 10*p - 5. Calculate u(i).
16
Let t(k) = 372*k**3 + 2*k**2 + 8*k + 7. Let n be t(-1). Let o = 375 + n. Let q(b) = b + 3. Calculate q(o).
7
Let o(i) = 1315*i - 19 + 1314*i + 1305*i + 1310*i + 4*i**2 - 5276*i. Give o(8).
-19
Let z = -8453 + 8469. Let q(t) = -2*t**3 + 32*t**2 - 3*t + 31. What is q(z)?
-17
Let i(r) = 3*r - 5. Let w(p) = -4*p + 4. Let d(c) = -5*i(c) - 4*w(c). Let a be d(-5). Suppose 5 + 15 = a*j, -l + 4*j = 18. Let x(z) = 5*z**2 - 1. What is x(l)?
19
Let v(h) = h**2 + 8*h + 11. Suppose 0 = d + 5*b + 10, d + 3*b + 6 = 6*d. Suppose d = 7*z + 84 - 28. Calculate v(z).
11
Let g(w) be the second derivative of -w**4/12 + 7*w**3/6 + 9*w**2/2 - 1667*w. Give g(8).
1
Suppose 0 = -4*k - m - 29, 8*k - 3*m + 33 = 5*k. Let i(d) = -3*d**2 - 23*d + 13. Give i(k).
5
Let s(k) be the third derivative of 0 + 1/24*k**4 + 130*k**2 + 2/3*k**3 + 0*k. What is s(-7)?
-3
Let f be 45/20*(0 + 4). Let j(t) = 12 + 7 + 210*t + 163*t - 376*t. Determine j(f).
-8
Let m(t) = 2*t - 10 - t - 6. Let k be 3/((-18)/(-30)) + (-32 - -39). Give m(k).
-4
Suppose 0 = r - 4*r + 6. Let c(a) = -2*a - a**2 + 5*a**2 + 5*a + 2*a**r. Let t(v) = 6*v + 64. Let h be t(-11). Calculate c(h).
18
Let x(w) be the second derivative of -1/120*w**5 - 7/3*w**3 + 0 - 2/3*w**4 + 0*w**2 + 16*w. Let h(z) be the second derivative of x(z). Calculate h(0).
-16
Let z be 1/(-3) - (-6)/(-9). Let x(i) be the second derivative of -11*i**5/20 + i**3/3 + i**2/2 + 2*i + 418. Determine x(z).
10
Let h(x) = 5*x - 8. Suppose -3*o + 10*o = 28. Let w(a) = 3 - 2*a + 0*a + 5 - o*a. Let j(d) = -5*h(d) - 4*w(d). Determine j(6).
2
Suppose -2 = -3*d + 13. Let n(r) be the first derivative of -r**3/6 - 3*r**2 + 90*r + 1. Let i(m) be the first derivative of n(m). Determine i(d).
-11
Let t(u) = -3*u**3 + 18*u**2 - 24*u + 41. Let x(f) = 4*f**3 - 27*f**2 + 35*f - 62. Let v(d) = 7*t(d) + 5*x(d). Calculate v(-10).
7
Let x(m) = 17*m**2 + 40*m**2 + 11*m - 20 + 16*m**2 - 86*m**2. Give x(2).
-50
Let j = -30990 + 31004. Let h(c) = 6*c - 2. Determine h(j).
82
Let j(b) = 3*b**2 + 4*b + 12. Let s(c) = -2*c**2 - 3*c - 8. Let u be ((-63)/12)/(18/(-24)*1). Let n(p) = u*s(p) + 5*j(p). Give n(0).
4
Let g(r) = 713*r - 2*r**2 + 11 - 2*r**3 - 717*r + 8 - 12*r**2 + 0*r**3. Give g(-6).
-29
Let u(t) = -t**2 - 234*t + 465. Let l be u(2). Let r(g) = g + 12. Calculate r(l).
5
Let x(q) = 2*q - 3. Let c(z) = -z**2 + 9*z - 12. Let y(o) = o - 1. Let f(t) = -c(t) + 5*y(t). Let s(g) = 2*f(g) + 5*x(g). Calculate s(2).
11
Suppose -1033*j + 91 = -1046*j. Let i(g) = -2*g - 10. Let s(w) be the second derivative of w**3/6 + 5*w**2/2 + w. Let r(f) = -3*i(f) - 7*s(f). Determine r(j).
2
Suppose 19*c - 15*c - 31 = s, 4*c + 11 = -5*s. Let j(v) = v**2 + 14*v - 116. Give j(c).
4
Suppose 21 = w - 3*u, -3*u + 19 - 4 = w. Let m(r) = -24*r + 8 + w*r + 7 + 5*r. Calculate m(8).
7
Let u(t) = -5*t**2 - t - 2. Let y(p) = -7*p**2 - 2*p - 3. Let s(f) = -6*u(f) + 5*y(f). Suppose 4*g - 4*r = 12, -3*r + 0 = -2*g + 11. Determine s(g).
-15
Let m(i) = -19*i**3 - i**2 + 6*i - 5. Let j be -5*4*4/(-80). Calculate m(j).
-19
Let b(g) = 2 - 2 + g. Let l(j) = -j**2 + 5*j + 5. Let u be l(6). Let k(m) = -15*m - 11. Let v be k(u). Calculate b(v).
4
Let o = 47 - 50. Let u be o*4/(-10) - (-1)/(-5). Let j(f) = -6*f - f**2 - 8 + 11*f + 2*f + u. Calculate j(6).
-1
Let w(c) be the second derivative of c**4/12 - c**3/3 - c**2 - 420*c + 2. Suppose -6 = 5*t - 2*t. Calculate w(t).
6
Let k(o) = 5*o + 69 - 14 - 21 - 10 - o**2 - 6. Calculate k(8).
-6
Let x(u) = -u**2 - 816*u - 8 + 815*u + 4*u**2. Calculate x(-2).
6
Let a(q) = q**3 - 230*q**2 + 1137*q - 2703. Let h be a(225). Let x(n) be the second derivative of 2*n + 0 + 2*n**2 + 1/3*n**3 + 1/12*n**4. What is x(h)?
7
Suppose -2*t + 52*t = -125*t - 700. Let r(j) = j**2 - 25*j - 124. Give r(t).
-8
Let j(t) be the third derivative of t**8/10080 - t**7/720 - t**6/360 + 31*t**5/20 + t**3/3 + 116*t**2. Let x(i) be the third derivative of j(i). Give x(5).
13
Let h(s) be the third derivative of s**6/120 + s**5/60 - s**4/8 + s**3/6 - 1625*s**2. Suppose 2*q - 4 = 4. Let w = q + -2. Give h(w).
7
Suppose -3*p - 12 = 5*r - 3, 0 = -4*p + 3*r + 17. Let f(z) = -z + 5 + 1 + p - 2. Calculate f(6).
0
Let x(a) = 12*a + 96. Let v(c) = -18*c**2 - 46*c - 36. Let u be v(-1). Calculate x(u).
0
Suppose -73*m = -12*m - 16*m - 360. Let z(n) be the second derivative of -n - 1/2*n**2 + 0 - 7/6*n**3 - 1/20*n**5 + 3/4*n**4. Determine z(m).
7
Let o(n) = -n**3 - 36*n**2 + 2*n + 74. Let g = 9171 - 9207. What is o(g)?
2
Let q(o) = 2*o + 12. Let g(k) = 2*k**3 + 22*k**2 + 2*k - 10. Let z be g(-9). Let t = z + -303. Calculate q(t).
-2
Suppose -2*n - 5*s = 76, -4*n + 66 - 208 = 5*s. Let z = 36 + n. Let o(t) = 5*t - z*t + 5*t**2 - 35*t**3 + 36*t**3. Determine o(-3).
12
Let z(w) = -8*w**3 + 25*w**2 + 3*w - 7. Let l(p) = 2*p**3 - 8*p**2. Let x(d) = -3*l(d) - z(d). Determine x(0).
7
Let u(k) = 17*k**2 - 8811*k**3 - 8*k**2 + 8810*k**3 - 16*k + 6. What is u(6)?
18
Let j(s) = -39*s + 119*s - 85*s + 41. What is j(8)?
1
Suppose -33*y - 22 - 28 = 16. Let j(t) = 2*t**3 + 10*t**2 + 12*t + 3. What is j(y)?
3
Suppose -62*v + 174 = -65*v. Let a = v - -58. Let m(g) = 8*g - 14. Let u(w) = -3*w + 5. Let l(t) = 4*m(t) + 11*u(t). Give l(a).
-1
Let q be ((0 - 0)/(-71 - -70))/(12/(-4)). Let x(p) be the third derivative of q + 0*p - 21*p**2 + 1/60*p**5 + 7/6*p**3 - 1/4*p**4. What is x(7)?
14
Suppose 3*o - 5*t - 7 = 6*o, 5*o - 2*t - 40 = 0. Let s(j) = 6*j - 29. Let l be s(o). Let h(b) = -b**2 + b + 10. Determine h(l).
-32
Let z(q) = 2*q + 12. Let d(c) = -23*c + 3. Let s be d(-1). Let t = s - 26. Suppose 5*g + 2*b + 43 = t, 0 = -3*g + 4*g - 2*b + 11. Give z(g).
-6
Let i(q) be the first derivative of 3*q**2/2 + q - 1. Suppose 0 = 441298*r - 441318*r - 40. Determine i(r).
-5
Let m be (-3)/18 + 94/36*141. Suppose -6*p + 14*p - m = 0. Let u(q) = -2*q**2 + p - q**3 - 24 - 23. Determine u(-2).
-1
Let u(k) = -9*k + 1. Let m(r) = 148*r - 26. Let d(l) = -2*m(l) - 36*u(l). Calculate d(0).
16
Let h = 1054 + -1049. Let j(k) = -3*k + 13. Give j(h).
-2
Let z(d) = 16 + 26*d + d**3 + 83*d**2 - 44*d**2 - 55*d**2. Determine z(14).
-12
Let j(r) = r**2 - 1 - 7 + 3*r**2 + 26*r - r. Let i be j(-6). Let o(p) = -2*p - 13. What is o(i)?
15
Suppose -5*l + 5*s = 10*l + 105, 5*s = -2*l + 3. Let a(o) = 6*o + 53. What is a(l)?
17
Let n(j) = -3 - 7 - 3*j**3 - 3*j**3 + 8*j**2 + 7*j**3 - 9*j. Suppose 4*s + 2*g + 54 = -48, 2*g = 2*s + 42. Let q = -33 - s. Calculate n(q).
-10
Suppose 0 = -5*i - 18*h + 20*h - 37, 3*i + 20 = -h. Let g(l) = 54*l + 378. Determine g(i).
0
Let w(z) = -927*z + 9266. Let t be w(10). Let h(f) = f**3 + 2*f**2 + 2. Let u be h(-2). Let k(n) = -n + u + 6*n + n**2 + 0*n**2. Calculate k(t).
-2
Let h(m) = 30*m + 205. Let c(a) = 5*a + 43. Let f(w) = -35*c(w) + 6*h(w). What is f(56)?
5
Suppose 34*j = 31*j + 6. Let r(k) = -7887*k**j + 7888*k**2 - 2 + k - 3. Give r(-5).
15
Let n(u) = u**3 + 2*u**2 - 4*u - u + 3 + 0*u**3. Let d = -1272 - -1278. Suppose 2*a + v + 9 - d = 0, 4*a + 21 = v. Give n(a).
-9
Suppose -c + 90 = 5*o - 0, 2*o + 5*c - 13 = 0. Let m = 21 - o. Suppose -7 = -m*x + 3*j, -2*x = -3*x - 3*j + 8. Let l(i) = i**2 - 9*i - 3. What is l(x)?
-23
Let o(a) be the second derivative of 3/2*a**2 + 294*a + 0 + 4/3*a**3. Let s = -10 + 7. Determine o(s).
-21
Suppose 422*t - 407*t = -60. Let w(g) = 4*g**2 + g + 15. Calculate w(t).
75
Let z(b) = -2*b**3 - b**2 - b + 2. Let v be (20 + -13 - 8)/(1/499). Let p = -497 - v. Determine z(p).
-20
Let f be 76/57*(-6)/(-4). Let l be f + -4 - (-3 - 1). Let r(g) = 5*g - l*g - 4*g. Calculate r(2).
-2
Let i(v) = v**3 - 3*v + 11 + 4*v - 4*v + 2*v + 13*v**2 + 24*v. Give i(-11).
0
Let f(m) be the second derivative of -m**3/6 - 5*m**2/2 - 28*m. Let n be f(-5). Let c(r) = -r**2 + 10 - r - 5 + 9 + 2*r**2. What is c(n)?
14
Let f(v) = 3*v**2 - 21*v**2 + v**2 - 6 + 3*v**2 + 15*v**2 + v**2 - 5